2).
-9
Let t(w) = -12*w**2 - 5249*w + 21139. Give t(4).
-49
Let q(h) = 4916*h - 106916. Give q(22).
1236
Let f(z) = z**3 + 107*z**2 - 497*z + 192. What is f(4)?
-20
Let i(u) = -1439*u + 290611. What is i(202)?
-67
Let g(q) = -33*q**2 + 16138*q - 476. Calculate g(489).
13
Let d(q) = -16*q**3 - 15*q**2 + 5*q + 86. Determine d(3).
-466
Let g(k) = 4*k**2 - 1877*k - 67990. What is g(503)?
-85
Let b(h) = -771*h - 37779. Give b(-49).
0
Let m(u) = -5725*u + 51519. Determine m(9).
-6
Let v(b) = -1248272*b + 7489630. Calculate v(6).
-2
Let v(l) = 2474372*l - 7423110. Determine v(3).
6
Let u(m) = -m**3 + 207*m**2 + 24*m - 4489. Determine u(207).
479
Let d(x) = 2*x**2 - 280*x - 10611. Determine d(171).
-9
Let w(p) = 23*p**3 - 3*p**2 + 438*p - 1721. Calculate w(4).
1455
Let j(q) = q**3 + 6*q**2 + 63*q + 395. Give j(-6).
17
Let l(j) = -j**2 - 4701*j - 32944. Determine l(-7).
-86
Let q(b) = 3*b**3 + 9*b**2 - 288*b - 261. Calculate q(-13).
-1587
Let r(c) = -11*c**2 - 4626*c + 41735. Determine r(9).
-790
Let l(b) = 18*b**3 + 3182*b**2 - 3918*b - 347. Calculate l(-178).
9
Let v(i) = 137*i + 4182. Calculate v(-14).
2264
Let i(q) = 3*q**3 - 30*q**2 + 266*q - 911. What is i(5)?
44
Let u(r) = -19*r**2 + 80*r + 306. Calculate u(-8).
-1550
Let l(s) = -s**3 + 6*s**2 - 166*s - 1892. Determine l(-12).
2692
Let h(f) = -f**3 + 56*f**2 - 48*f - 6049. What is h(53)?
-166
Let b(q) = q**3 - 431*q**2 + 3491*q - 45269. Give b(423).
-8
Let w(x) = 2*x**3 - 236*x**2 + 242*x - 28524. Give w(118).
32
Let t(g) = -2*g**3 + 819*g**2 + 6651*g - 195. Calculate t(-8).
37
Let w(b) = 17*b**3 + 6*b**2 + 201*b + 596. Give w(-3).
-412
Let v(g) = 58*g**2 - 605*g + 233. What is v(10)?
-17
Let p(f) = f**2 - 67549*f + 4116774. Give p(61).
6
Let w(l) = -13*l**2 + 4797*l - 33526. Give w(7).
-584
Let u(f) = -f**3 - 43*f**2 - 436*f - 921. Give u(-11).
3
Let r(s) = 2*s**3 - 29*s**2 - 5368*s - 83. Give r(-45).
502
Let r(f) = f**3 + 288*f**2 + 4066*f - 7943. Calculate r(-273).
-26
Let d(l) = -l**3 + 41*l**2 - 23*l - 2128. Determine d(39).
17
Let b(q) = 4*q**3 - 108*q**2 - 28*q - 2358. Calculate b(28).
-6
Let y(o) = o**3 + 88*o**2 - 466*o + 28987. Calculate y(-96).
-5
Let r(c) = 559*c - 6636. What is r(14)?
1190
Let a(o) = 4222*o + 148552. Determine a(-35).
782
Let h(q) = -4*q**3 - 29*q**2 + 125*q + 878. Determine h(-8).
70
Let b(t) = 18*t**2 + 10472*t - 41981. Calculate b(4).
195
Let n(t) = 9031*t + 45154. Give n(-5).
-1
Let x(u) = 659*u + 20457. Determine x(-31).
28
Let q(m) = -9951*m + 1870799. Determine q(188).
11
Let o(x) = -196*x - 44122. Calculate o(-224).
-218
Let c(j) = -9*j**3 - 47*j**2 + 41*j + 34. Give c(-6).
40
Let w(i) = 710*i - 54116. Calculate w(76).
-156
Let t(b) = -3*b**3 - 27*b**2 + 22*b + 15. What is t(-10)?
95
Let q(c) = 4450*c - 84771. Calculate q(19).
-221
Let v(l) = -2*l**2 - 334*l + 8622. Give v(-190).
-118
Let x(l) = -15*l**2 - 4691*l - 8112. Calculate x(-311).
-26
Let t(k) = 2*k**3 + 82*k**2 - 3481*k + 236. Give t(-67).
35
Let x(p) = -115*p**3 - 3*p**2 + 333*p + 680. What is x(-2)?
922
Let o(q) = -10597*q - 169539. Calculate o(-16).
13
Let u(p) = 22*p**2 - 709*p + 184. Calculate u(32).
24
Let m(t) = 2800*t + 6288. What is m(-3)?
-2112
Let d(t) = t**3 - 256*t**2 + 15138*t - 8153. Calculate d(164).
47
Let z(s) = -s**3 - 114*s**2 - 123*s + 23514. Give z(-111).
204
Let j(b) = 13970*b - 166373. Give j(12).
1267
Let v(h) = 73*h**2 - 15*h + 21. What is v(2)?
283
Let i(v) = 390*v + 71412. Determine i(-170).
5112
Let t(a) = -8767*a + 34998. What is t(4)?
-70
Let v(i) = -643*i - 7870. Give v(-17).
3061
Let k(a) = 237*a**3 - 10*a**2 - 22*a - 14. Determine k(-1).
-239
Let q(n) = 105*n**3 - 15*n**2 + 21*n - 7. Determine q(3).
2756
Let b(w) = w**3 + 74*w**2 - 478*w + 160. What is b(-80)?
0
Let g(r) = r**3 + 11*r**2 + 85*r + 2041. Calculate g(-15).
-134
Let t(r) = 12*r**3 - 67*r**2 - 2511*r + 257. What is t(-12)?
5
Let m(c) = -3*c**3 - 56*c**2 - 31*c - 130. Determine m(-18).
-220
Let t(y) = 23*y**2 - 419*y + 576. What is t(23)?
3106
Let c(g) = 2*g**2 - 222*g + 671. Give c(107).
-185
Let a(c) = 15*c**3 + 803*c**2 + 405*c - 13. Calculate a(-53).
994
Let n(x) = x**3 - 50*x**2 + 535*x + 82. Calculate n(34).
-224
Let z(w) = 2*w**3 + 643*w**2 + 4103*w + 2428. Give z(-315).
-92
Let y(l) = -l**3 - 284*l**2 - 1053*l + 17201. Give y(-280).
-1559
Let t(i) = 5*i**3 + 972*i**2 - 597*i - 2339. Calculate t(-195).
1
Let b(r) = -299*r + 5350. Calculate b(17).
267
Let x(l) = 3372*l**2 - 26966*l - 81. What is x(8)?
-1
Let w(p) = -5062*p - 50640. Determine w(-10).
-20
Let g(d) = 32155*d + 450179. Determine g(-14).
9
Let b(p) = -79*p - 6534. Calculate b(-91).
655
Let d(q) = 5*q**2 + 475*q - 3635. Give d(-101).
-605
Let r(u) = 17*u**2 + 613*u + 5279. What is r(-22)?
21
Let s(j) = 3314*j - 4232. Give s(1).
-918
Let y(k) = 59*k**2 + 379*k - 4. What is y(-6)?
-154
Let s(v) = -v**2 - 21298*v - 489323. Give s(-23).
2
Let l(c) = 17*c + 360. Calculate l(-35).
-235
Let s(a) = a**3 + 69*a**2 + 77. Calculate s(-69).
77
Let h(v) = 4*v**2 - 464*v - 5197. Give h(-11).
391
Let c(o) = o**3 + 351*o**2 - 12660*o + 4632. Give c(-384).
24
Let q(s) = -s**3 - 824*s**2 - 10704*s - 2088. What is q(-13)?
5
Let q(n) = -3705*n + 18552. Calculate q(5).
27
Let k(z) = -376*z - 611. Calculate k(-2).
141
Let k(u) = 3*u**3 - 1550*u**2 - 296*u - 114260. Give k(517).
-3
Let b(r) = -7*r**2 + 3177*r + 492. Determine b(454).
38
Let f(t) = 12*t**3 + 121*t**2 - 30*t - 502. What is f(-10)?
-102
Let h(o) = -734*o - 220260. What is h(-300)?
-60
Let f(n) = -n**2 - 209*n + 11119. What is f(44)?
-13
Let w(f) = f**3 - 94*f**2 + 739*f + 1420. What is w(85)?
-790
Let v(n) = -3*n**3 - 136*n**2 - 16*n + 1308. Give v(-45).
3
Let i(p) = p**2 + 3233*p - 38949. Give i(12).
-9
Let n(r) = -799*r - 15825. What is n(-20)?
155
Let a(r) = -44*r**2 + 48*r - 182. What is a(3)?
-434
Let y(q) = q**2 - 164*q - 30879. Determine y(-112).
33
Let o(y) = y**3 - 4*y**2 - 64*y - 351. Calculate o(-5).
-256
Let l(u) = -u**2 - 124*u + 1244. Calculate l(10).
-96
Let v(t) = -3*t**3 + 55*t**2 - 50*t + 1635. Determine v(19).
-37
Let m(l) = -2*l**3 - 116*l**2 + 505*l + 15902. Calculate m(-60).
2
Let l(m) = -336*m**2 + 3303*m + 581. Determine l(10).
11
Let b(r) = 22*r**2 - 334*r - 20. What is b(11)?
-1032
Let z(f) = -2*f**2 - 399*f - 239. Determine z(-197).
746
Let f(d) = 11*d**3 + 580*d**2 - 170*d - 117. Determine f(-53).
466
Let a(c) = c**2 + 1878*c - 18799. Calculate a(10).
81
Let m(h) = 2*h**3 - 60*h**2 + 49130*h - 1473899. What is m(30)?
1
Let l(z) = 528282*z + 17. Give l(0).
17
Let u(o) = -10*o**3 - 216*o**2 - 56*o - 25. Calculate u(-22).
3143
Let i(x) = 4*x**2 - 1112*x + 66047. What is i(86)?
-1
Let i(y) = -9*y**2 + 4012*y - 12014. What is i(3)?
-59
Let w(z) = -3*z**3 - 323*z**2 - 3855*z - 110. What is w(-94)?
-16
Let k(w) = -141179*w - 141205. Give k(-1).
-26
Let x(v) = -15510500*v - 93062998. Give x(-6).
2
Let a(y) = 36*y**2 + 289*y - 2934. Determine a(11).
4601
Let o(u) = -6626*u - 79481. Determine o(-12).
31
Let v(m) = -3*m**3 - 4*m**2 - 590*m + 4495. Calculate v(7).
-860
Let d(i) = -i**2 + 31*i + 1797. Determine d(62).
-125
Let w(g) = -g**3 + 4*g**2 - 26*g - 163. Determine w(0).
-163
Let w(s) = -240*s - 2090. What is w(-16)?
1750
Let o(n) = -n**3 + 2*n**2 + 1973*n + 1452. Calculate o(-43).
-182
Let i(d) = 26*d**3 + 16*d**2 - 10*d - 143. Determine i(-4).
-1511
Let t(c) = c**3 + 29*c**2 + 4024*c - 70278. Calculate t(15).
-18
Let k(q) = 22*q**2 + 3153*q + 45597. Determine k(-127).
4
Let t(d) = 1035*d - 80760. Give t(78).
-30
Let x(n) = -4089*n - 65431. Calculate x(-16).
-7
Let d(i) = 8058*i + 169236. Calculate d(-21).
18
Let x(m) = m**3 - 45*m**2 - 85*m + 10189. What is x(41)?
-20
Let g(h) = -6741*h + 1307761. What is g(194)?
7
Let o(i) = -i**3 + 96*i**2 - 193*i + 395. What is o(94)?
-75
Let w(g) = -112*g + 1450. Give w(-3).
1786
Let y(o) = o**3 - 54*o**2 - 453*o + 127. What is y(-10)?
-1743
Let l(m) = -60016*m - 120026. Calculate l(-2).
6
Let f(s) = s**3 - 8*s**2 + 19475*s - 155796. Give f(8).
4
Let s(a) = 388*a - 5921. Determine s(10).
-2041
Let k(a) = -2*a**3 - 38*a**2 - 55*a + 405. Give k(-5).
-20
Let v(m) = -54*m**2 - 1062*m + 346. Determine v(-20).
-14
Let r(o) = -8*o**2 + 441*o + 4562. Give r(64).
18
Let j(o) = 23*o**2 + 85*o - 420. Calculate j(6).
918
Let r(p) = p**3 + 32*